 (-4 + 1))?
4
Calculate 6 + -9 - -3 - -1.
1
Calculate 10 + -5 - (-23 - -22).
6
What is 2 + 1 + (-4 - (3 - 1))?
-3
Evaluate (-8 - (-4 - -2)) + 12.
6
What is -26 + 13 + 5 - (-4 + -1)?
-3
15 + -3 + -1 + -7
4
What is 0 + -6 + 3 - -2 - 0?
-1
12 - ((1 - 12) + 14)
9
What is 3 + -7 + -6 + 7?
-3
3 - (-4 + (9 - 2))
0
Evaluate -11 + 13 + (1 - -7 - 4).
6
(-1 - -7) + (-149 - -145)
2
What is the value of -3 + -3 + 4 + 5 + -2?
1
2 - 1 - (18 + -16) - -2
1
What is 1 - (1 - 2) - 0?
2
What is -6 - (12 + -5) - -10?
-3
What is -12 + (-2 + -3 - (2 + -12))?
-7
What is 6 + 1 + (35 - 40)?
2
What is the value of 9 + (-1 - 11) + -6?
-9
(6 - (-10 - -15)) + 2 + 4
7
Calculate -12 + 6 + 8 - 2.
0
Calculate -16 - -12 - 4 - -17.
9
Calculate 60 + -64 - (1 + (-2 - 2)).
-1
Evaluate (-1 - (-1 - 3)) + -1 - 5.
-3
Calculate 6 + -4 + -3 + 0.
-1
What is the value of 5 + -7 + 4 + -1?
1
What is (24 + -15 - 6) + (-6 - 0)?
-3
Calculate -4 + 5 - (-1 - (4 - 1)).
5
Calculate 0 - 1 - (-5 - -8 - -1).
-5
What is the value of 1 + (-3 + -3 - -2)?
-3
What is the value of (-6 - (-2 - 2)) + -2?
-4
What is the value of 5 - ((-1 - 0) + (3 - 2))?
5
Evaluate 5 - 1 - (-17 + 36) - -6.
-9
What is -84 + 67 + 0 + 11?
-6
Evaluate 0 + -5 + 10 + -3 + 2.
4
What is 25 + -20 + (-3 - 1)?
1
Calculate 6 - (9 - 5) - (-1 + 0).
3
-11 - -17 - (-2 + 3)
5
What is the value of 6 + 0 + (9 - 21)?
-6
Calculate 6 - 5 - -9 - 9.
1
Evaluate (1 - (4 - (2 - -3))) + 3.
5
What is the value of -11 + 5 + 0 + 2?
-4
2 + -12 - -2 - (12 - 17)
-3
What is the value of -3 + 0 - (-5 - 0) - 0?
2
What is the value of 5 + (3 - 13 - -5)?
0
2 + -5 + (1 - -5 - -2)
5
What is -176 - -165 - (0 + -5)?
-6
Evaluate -6 + (17 - (16 + -8)).
3
What is -4 + 0 - (-17 + 10)?
3
Calculate -7 + 4 + 4 - -1.
2
(4 - (5 + -3)) + (1 - 1)
2
What is the value of (-1 - 0) + 2 + -2 + -2?
-3
1 + 2 + -4 + 1 - -5
5
(-3 - (3 + -8) - 0) + 3
5
7 + -2 + 0 + 3 - 3
5
What is the value of (5 - 2 - 3) + (-3 - -1)?
-2
Evaluate 0 + -6 + 3 + -17 + 14.
-6
-1 + 11 - (-5 + 19)
-4
Calculate (13 - 1) + -7 + -4.
1
Evaluate (-5 + -1 - -12) + -12 - 1.
-7
Evaluate 1 + 1 + -1 - -2.
3
-6 - (-5 - (7 - 9))
-3
Evaluate (-7 - (-3 + 0)) + 6 + 0.
2
Evaluate 6 - 6 - 0 - -2.
2
Evaluate 1 + 1 - 11 - (-119 - -116).
-6
Calculate -2 + -1 - (-8 + 2).
3
What is the value of (15 - 7 - 7) + -5?
-4
1 + 0 + -3 + -1
-3
(1 - 4) + 0 - -2
-1
(-4 - -8) + 5 + 3 + -11
1
Calculate 3 - (4 + 4 + -4 + 7).
-8
0 + (8 - 3) - 2
3
Evaluate 11 + -1 + (-15 - -10) + -2.
3
Calculate 1 + (4 - ((5 - 2) + 5)).
-3
Evaluate 4 + (6 - (2 - -5) - 3).
0
Evaluate 3 + (7 - (2 - (0 + 2))).
10
What is the value of (8 - (-4 - -4 - -4)) + -9?
-5
-9 - (-7 + (14 - 10))
-6
What is the value of -2 + 8 + -1 + 1 - 1?
5
Evaluate -80 - -87 - (8 + 0).
-1
What is the value of 3 - (1 - -2 - (0 - 2))?
-2
Evaluate (-2 - (2 + -2)) + 4.
2
1 + (-3 - 2) - -1
-3
Evaluate (-4 + 7 - (-6 - -2)) + -1.
6
Calculate -18 + 15 + (5 - 0) + 1.
3
Calculate (1 - 8) + 9 + (8 - 15).
-5
Evaluate 1 + 4 + 5 - 4.
6
What is the value of -2 - (-14 + 7) - (8 - -6)?
-9
What is -3 - ((-4 - -3) + -3)?
1
What is -2 + (3 - 2) + 4 + -8?
-5
Evaluate (1 - -6 - 0) + 1 - 3.
5
Calculate (-1 - 0) + (-16 - (4 + -15)).
-6
Evaluate 4 + 0 + (-2 - 3) + -2.
-3
Evaluate 1 + -1 - (7 - 8).
1
Calculate (-3 - 0) + 6 + -7.
-4
0 + 11 + (-10 - (-6 + 0))
7
(1 - (3 + -3)) + -8 + 0
-7
Calculate -9 - (-3 - (5 + 4)).
3
Calculate (0 - -2) + (-10 - -10).
2
What is 0 + -1 + (-10 - -6 - 0)?
-5
-5 + (0 + (6 - 6) - -2)
-3
What is -4 + -6 + (-1 - -9)?
-2
What is the value of (4 - -5) + -6 - 8?
-5
What is 2 + -1 - 8 - (-58 - -50)?
1
What is (4 - 6) + 5 - (9 - 1)?
-5
Evaluate (-3 - (1 - 2)) + 7 + -9.
-4
2 + -9 - 3 - -9
-1
Evaluate -5 + -3 + 5 + (4 - -2).
3
5 + -2 + (-12 - -7)
-2
-2 + 0 + 6 + -57 + 51
-2
What is the value of 4 - (-4 - (-1 - -4 - 9))?
2
1 - -5 - (-1 + -4 + 3)
8
What is (1 - -4) + -3 - (5 - 1)?
-2
Calculate 5 + -1 + 113 + -114.
3
Calculate (-1 - -2) + (37 - 32) - 1.
5
What is the value of -1 + 6 + -6 - (-1 + 1)?
-1
Evaluate 0 - 0 - (-11 - -8) - 3.
0
What is 0 + 1 + -20 + 15?
-4
Evaluate (2 - 0 - 9) + 8.
1
(-10 - -8) + (8 - 1)
5
What is the value of (-5 - (0 + -1)) + (-10 - -10)?
-4
What is -8 + 7 + -4 - -8?
3
Evaluate (15 - 5) + -18 - -12.
4
What is the value of -7 - (-2 + -1) - (10 + -21)?
7
What is the value of -1 + (1 - 5) + 11 - 10?
-4
4 - ((1 - 5) + 10)
-2
(-1 + 0 + 7 - 3) + 2
5
Calculate 0 + 0 - (-8 - -4).
4
Calculate 0 + -5 + 5 + (0 - 3).
-3
5 + (-4 - 5) + 1
-3
Calculate (19 + -15 - (-2 - -3)) + 2.
5
What is 0 - -5 - ((6 - 9) + 5)?
3
(3 - 12) + 3 - (-22 + 18)
-2
What is the value of 3 - ((5 - -7) + -7 - -1)?
-3
Calculate -6 - (-11 - -8) - (2 + -1).
-4
What is the value of (-3 - (-1 + 1)) + -27 + 26?
-4
What is -5 + 18 - 1 - 1?
11
Calculate (2 - 10 - -1) + 6.
-1
What is the value of (1 - 0) + 1 - (19 - 24)?
7
Calculate -64 + 64 + (-6 - -1).
-5
What is 0 + 8 + -3 + 0?
5
Evaluate (-8 - -12) + -4 + 1 + 4.
5
(-7 - (-8 + 0)) + -6
-5
What is (-5 - 16 - -8) + 7?
-6
Evaluate -10 + 3 + (-17 - -23) + -6.
-7
1 - 3 - -3 - 3
-2
What is 15 + (-14 - -8) - 4?
5
Evaluate -2 + -2 + 2 + 1 + 6.
5
What is the value of (7 - (5 + 0)) + -2?
0
Evaluate -6 + (-1 + 4 - 0).
-3
Evaluate 4 + -4 + (-1 - 0).
-1
Calculate -3 - -3 - 5 - (4 - 6).
-3
What is -1 - 4 - -13 - 3?
5
Calculate 4 + (0 + 2 - 6).
0
What is -7 + -2 + (-1 - -5)?
-5
Calculate 2 + 5 + -3 - (4 - 1).
1
What is the value of 13 - 0 - (1 - -6)?
6
Evaluate -8 + -6 + 13 + -1.
-2
3 - (-3 - -1 - (2 - 8))
-1
What is the value of (0 - -2 - -1) + -4?
-1
What is the value of 1 - 2 - (-7 + (-8 - -13))?
1
What is the value of 4 - (-4 + 8 - 4)?
4
What is the value of -12 - -6 - (-6 + -1)?
1
Evaluate 0 + 1 + (-3 - -1 - -5).
4
What is (3 - (-1 - 0)) + -10 + 5?
-1
Evaluate (4 - (1 - 5)) + -4.
4
Calculate -5 + (2 - -3) - -3.
3
-1 - ((2 - (2 + -8)) + -4)
-5
What is the value of 0 - (2 - 2) - 0 - 2?
-2
Evaluate 12 - (-11 + 8 + 12).
3
-10 + 6 - (-6 - -3)
-1
Calculate -2 - (-2 - (-1 - (0 + -1))).
0
What is the value of 10 + (2 + -1 - 6)?
5
Calculate 3 + -7 + -15 + 16 - -5.
2
Evaluate -1 + 2 + (-8 - -1) + 6.
0
Calculate 7 - (11 - (6 + 1)).
3
0 - (3 - ((-1 - 3) + 1))
-6
Evaluate 11 + -15 + 8 - (0 + -6).
10
What is the value of 1 + -1 - (2 - 2)?
0
What is 1 - -4 - (13 - 4 - 0)?
-4
Evaluate 0 + -4 + -10 + 16.
2
Evaluate 12 + 7 + -12 + -5.
2
What is (5 - -1) + (-11 - -16) + -11?
0
-6 - -2 - (9 - 8)
-5
2 + (7 - -6) - 11
4
5 + (4 - 4) + -4 + 5
6
Evaluate (9 - -1 - 22) + 6.
-6
Evaluate 2 + (1 + -1 - 4).
-2
What is 1 + 2 + (12 - (14 + 7))?
-6
-7 + (-3 - -3) + -1 + 4
-4
Calculate -1 - 2 - (0 - (-10 + 7)).
-6
What is -4 + (1 - 0 - (-9 - -7))?
-1
(-3 - -1) + (-9 + -1 - -17)
5
Calculate -1 + (0 - 4) + (-2 - -12).
5
What is (115 - 123) + 6 + 0?
-2
Evaluate 2 + (-5 - -7 - 0) + -4.
0
-8 + 26 + (-5 - 5)
8
What is -2 + -12 - (28 - 38)?
-4
Evaluate (1 - 4) + 3 - 5.
-5
-8 + (-8 - (0 + (0 - 6)))
-10
2 + 10 + -14 + 1
-1
Evaluate 6 + (-3 - 1) - 1.
1
Calculate -2 + (9 - (2 + 2)).
3
What is (-11 + 6 - -1) + 4?
0
Calculate -2 - (4 + -6 + -1).
1
What is the value of 3 - (2 - 0) - (10 + -2)?
-7
Evaluate 13 - (10 + 0 + -3).
6
What is the value of 1 + (3 - 5) + -3 + 0?
-4
0 - -1 - (-10 - -14)
-3
Evaluate 0 + -8 + 6 - 1.
-3
What is the value of 3 - 3 - -5 - 6?
-1
(4 - -5) + (9 - 14)
4
-11 + 7 + (7 - 2)
1
Calculate -3 + 0 + (-5 - -8 - 3).
-3
What is 13 - (11 + -6 + 11 + -9)?
6
Calculate 5 - (3 + 1 - 4) - 2.
3
What is -14 + 2 + 7 + -1 + -3?
-9
-11 + 4 + 19 - 11
1
What is 5 - (6 - 5 - -2)?
2
Evaluate (-2 - -2 - 5) + 3 + 0.
-2
What is 10 + -2 - (12 + -11)?
7
Evaluate (12 - 22) + -4 + 9.
-5
What is the value of (-1 + 3 - (-8 + 4)) + -1?
5
Evaluate -2 + -6 + 14 + -4.
2
What is the value of 3 + -13 + 4 - -6?
0
What is the value of 1 - (-1 + -2 + (8 - 2))?
-2
What is -1 - (1 - 3 - 6 - -5)?
2
What is -3 - ((1 - 8) + 4)?
0
What is the value of 2 + -7 - (-16 + 12)?
-1
Evaluate 4 + -4 + (0 - 2).
-2
What is the value of (-4 - 2) + -1 - -10?
3
Calculate 4 - (2 + 2 + -3 + 4).
-1
What is the value of -2 - (-1 + 2 + (1 - 0))?
-4
What is -5 + (-2 - -10) + 2 - 2?
3
Calculate -2 - (-3 - -13) - -10.
-2
What is 2 + 0 + 1 + -7?
-4
Evaluate -5 - -1 - (-9 + 3 + 1).
1
9 - (13 + (-18 - -9))
5
What is 8 - -1 - (-13 - -20)?
2
What is -4 + 1 + 5 + -5?
-3
(-3 - -8 - -3) + (-6 - -1)
3
What is the value of 6 + -3 + (3 - 1)?
5
What is -1 + (1 + 0 - (-1 + 5))